3
Let b(g) = -143*g + 8019. List the prime factors of b(47).
2, 11, 59
Let j(n) = -2*n - 96. Let i be j(-9). Let x = 191 + i. What are the prime factors of x?
113
Suppose a - 22 = -3*k + 9, -a + 31 = -4*k. Let x = a + -16. List the prime factors of ((-8544)/x)/(-4) - (-6)/(-15).
2, 71
Let j be (-1636)/(-10) - 2*4/(-20). Let h = j - -138. What are the prime factors of h?
2, 151
Suppose -116*w + 963500 = 48*w. List the prime factors of w.
5, 47
Let j = 63 - 59. Let k be (-115)/35 - j/(-14). List the prime factors of ((-153)/(-1) - 1) + k + 1.
2, 3, 5
Suppose -127*o = -129*o + 44. Suppose 0 = 2*r + 2*f - o, 0 = 2*r - 2*f - f - 7. List the prime factors of r.
2
Let v = 3186 + -2013. List the prime factors of v.
3, 17, 23
Let k(g) = -2*g**3 + 101*g**2 - 38*g + 85. Let u(v) = 51*v - 1. Let y be u(1). List the prime factors of k(y).
5, 137
Let w(r) = 7*r**2 + 4*r. Let y be w(-1). Suppose -1334 - 242 = -y*x - 5*l, 0 = -x - l + 522. List the prime factors of x.
11, 47
Let q(k) = k**3 + 11*k**2 + 14*k + 52. Let h be q(-10). Let s(u) = 11*u - 1 + 13 + 9. What are the prime factors of s(h)?
3, 17
Suppose -5*f + x + 192 - 61 = 0, 0 = f - 3*x - 29. Let v = f + -29. List the prime factors of 53/v*15/(-5).
53
Suppose -1228 = -11*y + 1764. Let n = y + -43. List the prime factors of n.
229
Let y = 268 - 250. Suppose y*v - 915 = 13*v. What are the prime factors of v?
3, 61
Suppose 0 = -67*w + 62*w + 975. Let f = w + -137. What are the prime factors of f?
2, 29
Let b(o) = 3*o**2 - 4*o - 99. What are the prime factors of b(40)?
19, 239
What are the prime factors of (21/35)/(19/147155)?
3, 1549
Let c be 59 - (1 + -1 + 2). Let s = c - 54. Suppose 6*h - 438 = s*h. List the prime factors of h.
2, 73
Let o(b) = -b**3 - 2*b**2 - 3*b - 15. Let t be o(-3). Suppose 0*q - 81 = -t*j + 3*q, 3 = q. What are the prime factors of j?
2, 3, 5
Let r(k) = -k**3 + 38*k**2 + 109*k - 89. What are the prime factors of r(34)?
3, 41, 67
Let w = -5449 + 10112. List the prime factors of w.
4663
Suppose x - 15*k = -12*k + 775, -3*k = -6. Suppose 16*m - 323 = x. List the prime factors of m.
3, 23
Suppose -5*m - 35 = 0, s = -5*m + 3766 + 287. List the prime factors of s.
2, 7, 73
Suppose 4*k + 4*g + 335159 = 3*g, -5*k + 5*g - 418955 = 0. List the prime factors of 4/20 - k/50.
2, 419
Let c(q) = q**2 - 4*q - 32. Let g be c(8). Suppose -5*b + 3*p + 223 = g, -90 = -2*b + p + p. List the prime factors of b.
2, 11
Let f(d) = -d**3 - 65*d**2 - 16*d + 645. What are the prime factors of f(-66)?
3, 673
Let l(x) = -x**3 - 15*x**2 - 34*x - 14. Suppose 34*q - 38*q = 56. What are the prime factors of l(q)?
2, 7, 19
Let a(g) = 939*g**2 + 43*g - 20. List the prime factors of a(2).
2, 3, 7, 13
Let o(i) = -3*i + 2. Let v be o(0). Let c(y) = -6 - 28*y - 5*y**v + 17*y + 4*y**2. List the prime factors of c(-10).
2
Let r(v) = 4272*v**2 - 30*v + 35. List the prime factors of r(2).
113, 151
Let w(s) = 5*s**3 + s**2 + s - 2. Let j be w(1). Let c(n) = 18*n**2 - 9*n + 9. What are the prime factors of c(j)?
2, 3, 23
Suppose l - 3*w - 893 = 0, -83 = 3*l + 4*w - 2736. List the prime factors of l.
887
Let v = 40945 - 21995. List the prime factors of v.
2, 5, 379
Let n = -7744 - -17113. List the prime factors of n.
3, 347
Let t(z) = z**3 - 3*z**2 - 25*z + 217. What are the prime factors of t(17)?
2, 19, 101
Let f(t) = -26*t**2 - 41*t**2 - t**3 + 160*t**2 - 28*t**2 - 12 - 26*t**2 - 90*t. List the prime factors of f(36).
2, 3, 53
Let p be ((-27)/6 - 0)*-256. Let r(b) = b + 6. Let k be r(3). Suppose g = k*g - p. List the prime factors of g.
2, 3
Let n(d) = 20*d**2 - 4*d - 5. Let s be n(-1). Let t = 744 - s. List the prime factors of t.
5, 29
Suppose 4*i - 3533 = -g, 7106 = -31*g + 33*g + 3*i. What are the prime factors of g?
5, 23, 31
Suppose -u = 4*m - 11 - 6, 5*m = u + 28. Let l be -2 + m + 5/(-1) - -7. Suppose -614 - 181 = -l*w. What are the prime factors of w?
3, 53
Let i(k) = 0*k**3 + k**2 + 7*k**2 - 45*k - k**3 + 59*k - 16. What are the prime factors of i(8)?
2, 3
Let g(v) be the first derivative of 3*v**2 - 40*v + 14. Let x be g(8). Suppose 66*y = 67*y - x. List the prime factors of y.
2
Let c = -30 - 160. Let n = c + 356. What are the prime factors of n?
2, 83
Let q = -49 + 68. Suppose -q*y + 48 = -11*y. What are the prime factors of y?
2, 3
Let x(n) = -n**3 + 4*n**2 + 4*n + 57404. List the prime factors of x(0).
2, 113, 127
Let y = 56 + -111. Let h = y + 55. Suppose 0 = -b - h + 12. List the prime factors of b.
2, 3
Let d be (-4*(-5)/14)/((-3)/(-21)). Suppose -7*j = -2*j - d. Suppose 0 = 2*i - 4*l - 202, -4*i + j*l + 392 = -3*l. List the prime factors of i.
3, 31
Suppose 12*m = -219594 - 98646. What are the prime factors of 2/4*m/(-51)?
2, 5, 13
Let r(a) = -7*a - 87*a - 1 + 6 - 4. What are the prime factors of r(-9)?
7, 11
Let o be (5/(-2))/(1/6). Let f = 52 - o. Let i = f + 104. What are the prime factors of i?
3, 19
What are the prime factors of ((-538441)/114)/17*-30?
5, 1667
Let b = 32703 - 23354. List the prime factors of b.
9349
Let f = -87 + 154. Let o(g) = 26 + 3*g + 26 - f + 25. List the prime factors of o(17).
61
Let y(h) = -242*h - 21. Let o be y(-3). Suppose -w + o = -3*a + 7*a, 4*a - 725 = -5*w. What are the prime factors of a?
5, 7
Suppose a + 5*m + 7 = 24, -4*a - 5*m + 53 = 0. Let g = -9 + a. Suppose w = -g + 8. What are the prime factors of w?
5
Let f(v) = 393*v**2 - 63*v + 44. What are the prime factors of f(7)?
2, 5, 23, 41
Let v(z) = -2*z - 4. Let o be v(-3). Suppose 0 + 50 = o*q. Let k = q - -24. List the prime factors of k.
7
Let y(x) be the first derivative of -17*x**2 - 4*x + 4. Let s(c) = -2*c - 1. Let m be s(1). What are the prime factors of y(m)?
2, 7
Let p = 330 - 330. Suppose p = -11*c - 5*c + 288. List the prime factors of c.
2, 3
Suppose -2*o + 24454 = -2*f, 4*f - 36665 = -3*o + 3*f. List the prime factors of o.
17, 719
Let p(s) = -2*s**2 + 22*s + 7. Let y(u) = -5*u**2 + 68*u + 22. Let b(a) = 8*p(a) - 3*y(a). What are the prime factors of b(-9)?
7, 23
Let a = 26162 - 17964. List the prime factors of a.
2, 4099
Let n(d) = 20*d**2 - 87*d - 105. List the prime factors of n(-18).
3, 2647
Let y(b) = b**3 + 6*b**2 - 7*b - 35. Let t be y(-4). Suppose -t*k + 6364 = 12*k. List the prime factors of k.
2, 43
Let g be (4 - (-3 - -10)) + -17. Let q(c) = -17*c - 84. Let z be q(g). Suppose z - 22 = k. What are the prime factors of k?
2, 3, 13
Suppose 69*i - 10559 = 55060. What are the prime factors of i?
3, 317
Let j(l) = l**3 - 8*l**2 - 17*l - 23. Let t be 18 + -6 - (-1 + -1 + 0). List the prime factors of j(t).
3, 5, 61
Suppose -4*r = 6*t - 3*t + 6583, 5*r = -5*t - 10965. Let d be t/(-9) - (-18)/(-81). Suppose -3*j = -d + 81. What are the prime factors of j?
2, 3
Suppose 0 = -2*x + 22*o - 27*o + 7995, 0 = 3*x + 5*o - 12010. What are the prime factors of x?
5, 11, 73
Let c(p) = -5*p - 182. Let d be c(-37). Let h = d - -94. List the prime factors of h.
97
Suppose 2*f + 10 = -2*p + 148, p - f - 71 = 0. Let j = 104 + p. What are the prime factors of j?
2, 3, 29
Suppose 3*p - 4*o = -2*p + 3276, -668 = -p + 4*o. List the prime factors of p.
2, 163
Let k(a) = a**3 - 5*a**2 - 5*a - 5. Let x be (-1)/((-2)/(-60)*8/8). Let v = 37 + x. List the prime factors of k(v).
2, 29
Let i(o) = -22*o - 102. Let s be 1/(-2) + 1849/(-86). List the prime factors of i(s).
2, 191
Suppose p - 7728 = -2*p. Let n be p/(-30) - (-2)/(-15). Let i = 173 + n. List the prime factors of i.
3, 29
Suppose -5829 = -4*w + w - 3*s, 0 = -2*w - 5*s + 3898. Suppose -4*m = -w + 363. What are the prime factors of m?
2, 197
What are the prime factors of (14 - (-225)/(-15))/((-2)/3638)?
17, 107
Let x = 15 + -22. Let a(n) = -60*n + 51*n - 937 - 25*n + 959. What are the prime factors of a(x)?
2, 5, 13
Let t(y) = 17*y + 236. Let z be t(20). Suppose -3*h - 2944 = -5*s + h, s = 4*h + z. List the prime factors of s.
2, 37
Let b = 84447 + -49689. List the prime factors of b.
2, 3, 1931
Suppose -2*u - 9 = 3*w, 3*w + 9 = -12*u + 7*u. Suppose 2*b - 22*b + 5560 = u. List the prime factors of b.
2, 139
Suppose l - 5*l - 2*s = -4, -5*l = 5*s. Suppose 5094 = 4*g - l*f, 0 = -3*g + 20*f - 15*f + 3831. List the prime factors of (-2)/(-3 + g/426).
2, 71
Suppose -5*v + q + 5016 = 0, -3*v + 0*q + 3032 = 5*q. Suppose 3*k + 2*j = v, -2*j + 0*j - 686 = -2*k. What are t